{"id":8,"date":"2016-08-29T20:45:08","date_gmt":"2016-08-29T20:45:08","guid":{"rendered":"http:\/\/fausac.gt\/?page_id=8"},"modified":"2020-05-07T08:28:59","modified_gmt":"2020-05-07T14:28:59","slug":"facultad-de-agronomia","status":"publish","type":"page","link":"http:\/\/fausac.gt\/","title":{"rendered":"Facultad de Agronom\u00eda"},"content":{"rendered":"\n\t\t\t\t<div class=\"mr_social_sharing_wrapper\">\n\t\t\t\t<!-- Social Sharing Toolkit v2.2 --><span class=\"mr_social_sharing\"><fb:share-button type=\"button\" href=\"http:\/\/fausac.gt\/\"><\/fb:share-button><\/span><span class=\"mr_social_sharing\"><a rel=\"nofollow\" class=\"linksalpha_button linksalpha_link\" href=\"\/\/www.linksalpha.com\/social\/mobile\" data-url=\"http:\/\/fausac.gt\/\" data-text=\"Facultad de Agronom\u00eda\" data-desc=\"Se ha caracterizado por ser una Unidad Acad\u00e9mica que va a la vanguardia educativa en el \u00e1mbito de nuestra tricentenaria Universidad de San Carlos de Guatemala.\u00a0 Uno de sus esfuerzos, producto de una serie de evaluaciones iniciadas en el a\u00f1o 2000, permiti\u00f3 la actualizaci\u00f3n acad\u00e9mica dando\" data-image=\"\" data-button=\"none\">\n\t\t\t\t\t<img src=\"\/\/www.linksalpha.com\/images\/social_share_button.png\" alt=\"Share\" class=\"linksalpha_image\" \/>\n\t\t\t\t\t<\/a><script type=\"text\/javascript\" src=\"\/\/www.linksalpha.com\/scripts\/loader_iconbox.js?v=2.4\"><\/script><\/span><\/div>\n<p>Se ha caracterizado por ser una Unidad Acad\u00e9mica que va a la vanguardia educativa en el \u00e1mbito de nuestra tricentenaria Universidad de San Carlos de Guatemala.&nbsp; Uno de sus esfuerzos, producto de una serie de evaluaciones iniciadas en el a\u00f1o 2000, permiti\u00f3 la actualizaci\u00f3n acad\u00e9mica dando paso a la diversificaci\u00f3n de la oferta educativa, tanto a nivel de pre-grado como de post grado.&nbsp; Contribuyendo&nbsp; al desarrollo sostenible en la producci\u00f3n agr\u00edcola y en el manejo de los recursos naturales del pa\u00eds, con la finalidad de elevar la calidad de vida de los guatemaltecos.<\/p>\n\n\n\n<br><br><h2 class=\"title\">Objetivos<\/h2>\n\n\n\n\n\n<ul><li style=\"text-align: justify;\">Generar, conservar y divulgar conocimiento cient\u00edfico-tecnol\u00f3gico para el avance de la ciencia agron\u00f3mica.<\/li><\/ul>\n\n\n\n<ul><li style=\"text-align: justify;\">Formar capital humano a nivel de educaci\u00f3n superior universitaria en producci\u00f3n agr\u00edcola y en manejo de recursos naturales renovables, obteniendo una formaci\u00f3n profesional integral que le permita a la persona desempe\u00f1arse dentro de la sociedad con eficiencia, responsabilidad, \u00e9tica y respeto a la naturaleza.<\/li><\/ul>\n\n\n\n<ul><li style=\"text-align: justify;\">Vincularse permanentemente con los sectores involucrados en la actividad agr\u00edcola y el manejo de los recursos naturales renovables.<\/li><\/ul>\n","protected":false},"excerpt":{"rendered":"\n\t\t\t\t<div class=\"mr_social_sharing_wrapper\">\n\t\t\t\t<!-- Social Sharing Toolkit v2.2 --><span class=\"mr_social_sharing\"><fb:share-button type=\"button\" href=\"http:\/\/fausac.gt\/\"><\/fb:share-button><\/span><span class=\"mr_social_sharing\"><a rel=\"nofollow\" class=\"linksalpha_button linksalpha_link\" href=\"\/\/www.linksalpha.com\/social\/mobile\" data-url=\"http:\/\/fausac.gt\/\" data-text=\"Facultad de Agronom\u00eda\" data-desc=\"Se ha caracterizado por ser una Unidad Acad\u00e9mica que va a la vanguardia educativa en el \u00e1mbito de nuestra tricentenaria Universidad de San Carlos de Guatemala.\u00a0 Uno de sus esfuerzos, producto de una serie de evaluaciones iniciadas en el a\u00f1o 2000, permiti\u00f3 la actualizaci\u00f3n acad\u00e9mica dando\" data-image=\"\" data-button=\"none\">\n\t\t\t\t\t<img src=\"\/\/www.linksalpha.com\/images\/social_share_button.png\" alt=\"Share\" class=\"linksalpha_image\" \/>\n\t\t\t\t\t<\/a><script type=\"text\/javascript\" src=\"\/\/www.linksalpha.com\/scripts\/loader_iconbox.js?v=2.4\"><\/script><\/span><\/div><p>Se ha caracterizado por ser una Unidad Acad\u00e9mica que va a la vanguardia educativa en el \u00e1mbito de nuestra tricentenaria Universidad de San Carlos de Guatemala.&nbsp; Uno de sus esfuerzos, producto de una serie de evaluaciones iniciadas en el a\u00f1o 2000, permiti\u00f3 la actualizaci\u00f3n acad\u00e9mica dando paso a la diversificaci\u00f3n de la oferta educativa, tanto<\/p>\n","protected":false},"author":1,"featured_media":0,"parent":0,"menu_order":0,"comment_status":"closed","ping_status":"closed","template":"","meta":[],"_links":{"self":[{"href":"http:\/\/fausac.gt\/index.php?rest_route=\/wp\/v2\/pages\/8"}],"collection":[{"href":"http:\/\/fausac.gt\/index.php?rest_route=\/wp\/v2\/pages"}],"about":[{"href":"http:\/\/fausac.gt\/index.php?rest_route=\/wp\/v2\/types\/page"}],"author":[{"embeddable":true,"href":"http:\/\/fausac.gt\/index.php?rest_route=\/wp\/v2\/users\/1"}],"replies":[{"embeddable":true,"href":"http:\/\/fausac.gt\/index.php?rest_route=%2Fwp%2Fv2%2Fcomments&post=8"}],"version-history":[{"count":20,"href":"http:\/\/fausac.gt\/index.php?rest_route=\/wp\/v2\/pages\/8\/revisions"}],"predecessor-version":[{"id":904,"href":"http:\/\/fausac.gt\/index.php?rest_route=\/wp\/v2\/pages\/8\/revisions\/904"}],"wp:attachment":[{"href":"http:\/\/fausac.gt\/index.php?rest_route=%2Fwp%2Fv2%2Fmedia&parent=8"}],"curies":[{"name":"wp","href":"https:\/\/api.w.org\/{rel}","templated":true}]}}