{"id":152,"date":"2016-10-25T20:02:57","date_gmt":"2016-10-25T20:02:57","guid":{"rendered":"http:\/\/fausac.gt\/?page_id=152"},"modified":"2016-11-17T17:20:51","modified_gmt":"2016-11-17T17:20:51","slug":"bulbuxya","status":"publish","type":"page","link":"http:\/\/fausac.gt\/?page_id=152","title":{"rendered":"Centro de Agricultura Tropical Bulbuxy\u00e1"},"content":{"rendered":"\n\t\t\t\t<div class=\"mr_social_sharing_wrapper\">\n\t\t\t\t<!-- Social Sharing Toolkit v2.2 --><span class=\"mr_social_sharing\"><fb:share-button type=\"button\" href=\"http:\/\/fausac.gt\/?page_id=152\"><\/fb:share-button><\/span><span class=\"mr_social_sharing\"><a rel=\"nofollow\" class=\"linksalpha_button linksalpha_link\" href=\"\/\/www.linksalpha.com\/social\/mobile\" data-url=\"http:\/\/fausac.gt\/?page_id=152\" data-text=\"Centro de Agricultura Tropical Bulbuxy\u00e1\" data-desc=\"OBJETIVO Unidad destinada a pr\u00e1cticas y labores de experimentaci\u00f3n para contribuir a la producci\u00f3n agr\u00edcola del pa\u00eds. Coordinador Ing. Agr. Carlos Ruiz Servicios Centro de capacitaci\u00f3n Casa de Flavio Herrera Patio de secado Centro de capacitaci\u00f3n Informaci\u00f3n Biof\u00edsica Altitud media 395\" data-image=\"http:\/\/fausac.gt\/wp-content\/uploads\/2016\/10\/DSC03891.jpg\" data-button=\"none\">\n\t\t\t\t\t<img src=\"\/\/www.linksalpha.com\/images\/social_share_button.png\" alt=\"Share\" class=\"linksalpha_image\" \/>\n\t\t\t\t\t<\/a><script type=\"text\/javascript\" src=\"\/\/www.linksalpha.com\/scripts\/loader_iconbox.js?v=2.4\"><\/script><\/span><\/div><p><img decoding=\"async\" loading=\"lazy\" class=\"wp-image-273 aligncenter\" src=\"http:\/\/fausac.gt\/wp-content\/uploads\/2016\/10\/DSC03891.jpg\" alt=\"dsc03891\" width=\"301\" height=\"226\" \/><\/p>\n<h3>OBJETIVO<\/h3>\n<p>Unidad destinada a pr\u00e1cticas y labores de experimentaci\u00f3n para contribuir a la producci\u00f3n agr\u00edcola del pa\u00eds.<\/p>\n<h3>Coordinador<\/h3>\n<ul>\n<li>Ing. Agr. Carlos Ruiz<\/li>\n<\/ul>\n<h3>Servicios<\/h3>\n<ul>\n<li>Centro de capacitaci\u00f3n<\/li>\n<li>Casa de Flavio Herrera<\/li>\n<li>Patio de secado<\/li>\n<li>Centro de capacitaci\u00f3n<\/li>\n<\/ul>\n<h3>Informaci\u00f3n Biof\u00edsica<\/h3>\n<table>\n<tbody>\n<tr>\n<td>Altitud media<\/td>\n<td>395 msnm<\/td>\n<\/tr>\n<tr>\n<td>Temperatura<\/td>\n<td>26 C<\/td>\n<\/tr>\n<tr>\n<td>Precipitaci\u00f3n pluvial anual<\/td>\n<td>4000 mm<\/td>\n<\/tr>\n<tr>\n<td>Humedad relativa media anual<\/td>\n<td>80%<\/td>\n<\/tr>\n<tr>\n<td>Zona de vida<\/td>\n<td>Bosque humedo subtropical c\u00e1lido<\/td>\n<\/tr>\n<tr>\n<td>Cultivos<\/td>\n<td>Cacao, hule, lim\u00f3n persa, carambola, guayaba, pl\u00e1tano, caf\u00e9, zapote y especies forestales<\/td>\n<\/tr>\n<\/tbody>\n<\/table>\n<p>&nbsp;<\/p>\n","protected":false},"excerpt":{"rendered":"\n\t\t\t\t<div class=\"mr_social_sharing_wrapper\">\n\t\t\t\t<!-- Social Sharing Toolkit v2.2 --><span class=\"mr_social_sharing\"><fb:share-button type=\"button\" href=\"http:\/\/fausac.gt\/?page_id=152\"><\/fb:share-button><\/span><span class=\"mr_social_sharing\"><a rel=\"nofollow\" class=\"linksalpha_button linksalpha_link\" href=\"\/\/www.linksalpha.com\/social\/mobile\" data-url=\"http:\/\/fausac.gt\/?page_id=152\" data-text=\"Centro de Agricultura Tropical Bulbuxy\u00e1\" data-desc=\"OBJETIVO Unidad destinada a pr\u00e1cticas y labores de experimentaci\u00f3n para contribuir a la producci\u00f3n agr\u00edcola del pa\u00eds. Coordinador Ing. Agr. Carlos Ruiz Servicios Centro de capacitaci\u00f3n Casa de Flavio Herrera Patio de secado Centro de capacitaci\u00f3n Informaci\u00f3n Biof\u00edsica Altitud media 395\" data-image=\"\" data-button=\"none\">\n\t\t\t\t\t<img src=\"\/\/www.linksalpha.com\/images\/social_share_button.png\" alt=\"Share\" class=\"linksalpha_image\" \/>\n\t\t\t\t\t<\/a><script type=\"text\/javascript\" src=\"\/\/www.linksalpha.com\/scripts\/loader_iconbox.js?v=2.4\"><\/script><\/span><\/div><p>OBJETIVO Unidad destinada a pr\u00e1cticas y labores de experimentaci\u00f3n para contribuir a la producci\u00f3n agr\u00edcola del pa\u00eds. Coordinador Ing. Agr. Carlos Ruiz Servicios Centro de capacitaci\u00f3n Casa de Flavio Herrera Patio de secado Centro de capacitaci\u00f3n Informaci\u00f3n Biof\u00edsica Altitud media 395 msnm Temperatura 26 C Precipitaci\u00f3n pluvial anual 4000 mm Humedad relativa media anual 80%<\/p>\n","protected":false},"author":1,"featured_media":0,"parent":0,"menu_order":0,"comment_status":"closed","ping_status":"closed","template":"","meta":[],"_links":{"self":[{"href":"http:\/\/fausac.gt\/index.php?rest_route=\/wp\/v2\/pages\/152"}],"collection":[{"href":"http:\/\/fausac.gt\/index.php?rest_route=\/wp\/v2\/pages"}],"about":[{"href":"http:\/\/fausac.gt\/index.php?rest_route=\/wp\/v2\/types\/page"}],"author":[{"embeddable":true,"href":"http:\/\/fausac.gt\/index.php?rest_route=\/wp\/v2\/users\/1"}],"replies":[{"embeddable":true,"href":"http:\/\/fausac.gt\/index.php?rest_route=%2Fwp%2Fv2%2Fcomments&post=152"}],"version-history":[{"count":4,"href":"http:\/\/fausac.gt\/index.php?rest_route=\/wp\/v2\/pages\/152\/revisions"}],"predecessor-version":[{"id":278,"href":"http:\/\/fausac.gt\/index.php?rest_route=\/wp\/v2\/pages\/152\/revisions\/278"}],"wp:attachment":[{"href":"http:\/\/fausac.gt\/index.php?rest_route=%2Fwp%2Fv2%2Fmedia&parent=152"}],"curies":[{"name":"wp","href":"https:\/\/api.w.org\/{rel}","templated":true}]}}