{"id":150,"date":"2016-10-25T20:02:44","date_gmt":"2016-10-25T20:02:44","guid":{"rendered":"http:\/\/fausac.gt\/?page_id=150"},"modified":"2016-11-17T17:16:24","modified_gmt":"2016-11-17T17:16:24","slug":"sabana-grande","status":"publish","type":"page","link":"http:\/\/fausac.gt\/?page_id=150","title":{"rendered":"Unidad Docente Productiva Sabana Grande"},"content":{"rendered":"\n\t\t\t\t<div class=\"mr_social_sharing_wrapper\">\n\t\t\t\t<!-- Social Sharing Toolkit v2.2 --><span class=\"mr_social_sharing\"><fb:share-button type=\"button\" href=\"http:\/\/fausac.gt\/?page_id=150\"><\/fb:share-button><\/span><span class=\"mr_social_sharing\"><a rel=\"nofollow\" class=\"linksalpha_button linksalpha_link\" href=\"\/\/www.linksalpha.com\/social\/mobile\" data-url=\"http:\/\/fausac.gt\/?page_id=150\" data-text=\"Unidad Docente Productiva Sabana Grande\" data-desc=\"OBJETIVO Unidad destinada a pr\u00e1cticas y labores de experimentaci\u00f3n para contribuir a la producci\u00f3n agr\u00edcola del pa\u00eds. Coordinador Ing. Agr. Carlos Ruiz Recursos Naturales Nacimientos de agua Bosques de galer\u00eda Arboles de sombra R\u00edos Servicios Centro Recreativo Sendero ecol\u00f3gico M\u00f3dulo de\" data-image=\"http:\/\/fausac.gt\/wp-content\/uploads\/2016\/10\/IMG_7686.jpg\" data-button=\"none\">\n\t\t\t\t\t<img src=\"\/\/www.linksalpha.com\/images\/social_share_button.png\" alt=\"Share\" class=\"linksalpha_image\" \/>\n\t\t\t\t\t<\/a><script type=\"text\/javascript\" src=\"\/\/www.linksalpha.com\/scripts\/loader_iconbox.js?v=2.4\"><\/script><\/span><\/div><h3><img decoding=\"async\" loading=\"lazy\" class=\" wp-image-263 aligncenter\" src=\"http:\/\/fausac.gt\/wp-content\/uploads\/2016\/10\/IMG_7686.jpg\" alt=\"img_7686\" width=\"225\" height=\"225\" srcset=\"http:\/\/fausac.gt\/wp-content\/uploads\/2016\/10\/IMG_7686.jpg 379w, http:\/\/fausac.gt\/wp-content\/uploads\/2016\/10\/IMG_7686-150x150.jpg 150w, http:\/\/fausac.gt\/wp-content\/uploads\/2016\/10\/IMG_7686-300x300.jpg 300w\" sizes=\"(max-width: 225px) 100vw, 225px\" \/><\/h3>\n<h3>OBJETIVO<\/h3>\n<p>Unidad destinada a pr\u00e1cticas y labores de experimentaci\u00f3n para contribuir a la producci\u00f3n agr\u00edcola del pa\u00eds.<\/p>\n<h3>Coordinador<\/h3>\n<ul>\n<li>Ing. Agr. Carlos Ruiz<\/li>\n<\/ul>\n<h3>Recursos Naturales<\/h3>\n<ul>\n<li>Nacimientos de agua<\/li>\n<li>Bosques de galer\u00eda<\/li>\n<li>Arboles de sombra<\/li>\n<li>R\u00edos<\/li>\n<\/ul>\n<h3>Servicios<\/h3>\n<ul>\n<li>Centro Recreativo<\/li>\n<li>Sendero ecol\u00f3gico<\/li>\n<li>M\u00f3dulo de capacitaci\u00f3n<\/li>\n<li>Estaci\u00f3n Hidrom\u00e9trica<\/li>\n<li>Estaci\u00f3n Meteorol\u00f3gica<\/li>\n<li>Centro Acu\u00edcola<\/li>\n<\/ul>\n<h3>Producci\u00f3n<\/h3>\n<ul>\n<li>Ca\u00f1a<\/li>\n<li>Caf\u00e9<\/li>\n<li>Bamb\u00fa<\/li>\n<li>Plantaciones Forestales<\/li>\n<\/ul>\n<h3>Informaci\u00f3n Biof\u00edsica<\/h3>\n<table>\n<tbody>\n<tr>\n<td>Zona de vida<\/td>\n<td>Bosque muy h\u00famedo sub- tropical c\u00e1lido bmh-s<\/td>\n<\/tr>\n<tr>\n<td>Suelos<\/td>\n<td>Serie Alotenango<\/td>\n<\/tr>\n<tr>\n<td>Temperatura media anual<\/td>\n<td>24.4 C<\/td>\n<\/tr>\n<tr>\n<td>Humedad relativa media anual<\/td>\n<td>76%<\/td>\n<\/tr>\n<tr>\n<td>Precipitaci\u00f3n pluvial promedio anual<\/td>\n<td>5137.2mm<\/td>\n<\/tr>\n<\/tbody>\n<\/table>\n","protected":false},"excerpt":{"rendered":"\n\t\t\t\t<div class=\"mr_social_sharing_wrapper\">\n\t\t\t\t<!-- Social Sharing Toolkit v2.2 --><span class=\"mr_social_sharing\"><fb:share-button type=\"button\" href=\"http:\/\/fausac.gt\/?page_id=150\"><\/fb:share-button><\/span><span class=\"mr_social_sharing\"><a rel=\"nofollow\" class=\"linksalpha_button linksalpha_link\" href=\"\/\/www.linksalpha.com\/social\/mobile\" data-url=\"http:\/\/fausac.gt\/?page_id=150\" data-text=\"Unidad Docente Productiva Sabana Grande\" data-desc=\"OBJETIVO Unidad destinada a pr\u00e1cticas y labores de experimentaci\u00f3n para contribuir a la producci\u00f3n agr\u00edcola del pa\u00eds. Coordinador Ing. Agr. Carlos Ruiz Recursos Naturales Nacimientos de agua Bosques de galer\u00eda Arboles de sombra R\u00edos Servicios Centro Recreativo Sendero ecol\u00f3gico M\u00f3dulo de\" data-image=\"\" data-button=\"none\">\n\t\t\t\t\t<img src=\"\/\/www.linksalpha.com\/images\/social_share_button.png\" alt=\"Share\" class=\"linksalpha_image\" \/>\n\t\t\t\t\t<\/a><script type=\"text\/javascript\" src=\"\/\/www.linksalpha.com\/scripts\/loader_iconbox.js?v=2.4\"><\/script><\/span><\/div><p>OBJETIVO Unidad destinada a pr\u00e1cticas y labores de experimentaci\u00f3n para contribuir a la producci\u00f3n agr\u00edcola del pa\u00eds. Coordinador Ing. Agr. Carlos Ruiz Recursos Naturales Nacimientos de agua Bosques de galer\u00eda Arboles de sombra R\u00edos Servicios Centro Recreativo Sendero ecol\u00f3gico M\u00f3dulo de capacitaci\u00f3n Estaci\u00f3n Hidrom\u00e9trica Estaci\u00f3n Meteorol\u00f3gica Centro Acu\u00edcola Producci\u00f3n Ca\u00f1a Caf\u00e9 Bamb\u00fa Plantaciones Forestales Informaci\u00f3n<\/p>\n","protected":false},"author":1,"featured_media":0,"parent":0,"menu_order":0,"comment_status":"closed","ping_status":"closed","template":"","meta":[],"_links":{"self":[{"href":"http:\/\/fausac.gt\/index.php?rest_route=\/wp\/v2\/pages\/150"}],"collection":[{"href":"http:\/\/fausac.gt\/index.php?rest_route=\/wp\/v2\/pages"}],"about":[{"href":"http:\/\/fausac.gt\/index.php?rest_route=\/wp\/v2\/types\/page"}],"author":[{"embeddable":true,"href":"http:\/\/fausac.gt\/index.php?rest_route=\/wp\/v2\/users\/1"}],"replies":[{"embeddable":true,"href":"http:\/\/fausac.gt\/index.php?rest_route=%2Fwp%2Fv2%2Fcomments&post=150"}],"version-history":[{"count":13,"href":"http:\/\/fausac.gt\/index.php?rest_route=\/wp\/v2\/pages\/150\/revisions"}],"predecessor-version":[{"id":277,"href":"http:\/\/fausac.gt\/index.php?rest_route=\/wp\/v2\/pages\/150\/revisions\/277"}],"wp:attachment":[{"href":"http:\/\/fausac.gt\/index.php?rest_route=%2Fwp%2Fv2%2Fmedia&parent=150"}],"curies":[{"name":"wp","href":"https:\/\/api.w.org\/{rel}","templated":true}]}}